{"id":72,"date":"2011-07-16T13:27:53","date_gmt":"2011-07-16T11:27:53","guid":{"rendered":"https:\/\/www.erps.de\/blog\/?page_id=72"},"modified":"2012-04-02T22:54:58","modified_gmt":"2012-04-02T20:54:58","slug":"shit-erps","status":"publish","type":"page","link":"https:\/\/www.erps.de\/?page_id=72","title":{"rendered":"SHit ERPS"},"content":{"rendered":"<p><strong>Super Heroes in tights<\/strong> erm\u00f6glicht es dir, einen beliebigen Superhelden zu erstellen und in einer <a title=\"Die SHit-ERPS Welt\" href=\"https:\/\/www.erps.de\/?page_id=244\">Welt<\/a> voller verr\u00fcckter Wissenschaftler, superintelligenter Verbrecher und fieser Superschurken zu spielen.<\/p>\n<p>Egal ob du Feuer spucken, fliegen, dich verkleinern oder den Gegnern das Hirn verbiegen kannst oder ob du doch lieber in einem eisernen Kampfanzug die L\u00fcfte unsicher machst, bleibt dir (und deinem Spielleiter) \u00fcberlassen. Oder m\u00f6chtest du doch lieber einen dunklen Detektiv mit leichtem Hang zu fliegenden Tieren spielen? Oder den unwiderstehlichen Geheimagenten, dem unendliche Gadgets zur Verf\u00fcgung stehen und dem keine Mission unm\u00f6glich erscheint?<br \/>\nWenn du meinst, jeder der KungFu beherrscht, kann auch Superschurken fangen &#8211; dann probier es doch einfach mal aus&#8230;<\/p>\n<p>SHit ERPS basiert auf den <a title=\"Die SHit-ERPS Regeln\" href=\"https:\/\/www.erps.de\/?page_id=249\">Regeln<\/a> von &#8220;Modern ERPS&#8221;. Wenn du deinen selbsterstellten Superhelden an der Community teilhaben lassen willst, dann ist der <a title=\"HeroCatalog\" href=\"https:\/\/www.herocatalog.de\" target=\"_blank\">Herocatalog<\/a> genau das richtige f\u00fcr dich!<\/p>\n","protected":false},"excerpt":{"rendered":"<p>Super Heroes in tights erm\u00f6glicht es dir, einen beliebigen Superhelden zu erstellen und in einer Welt voller verr\u00fcckter Wissenschaftler, superintelligenter Verbrecher und fieser Superschurken zu spielen. Egal ob du Feuer spucken, fliegen, dich verkleinern oder den Gegnern das Hirn verbiegen &hellip; <a class=\"more-link\" href=\"https:\/\/www.erps.de\/?page_id=72\">Continue reading <span class=\"meta-nav\">&rarr;<\/span><\/a><\/p>\n","protected":false},"author":1,"featured_media":119,"parent":0,"menu_order":30,"comment_status":"closed","ping_status":"closed","template":"","meta":[],"_links":{"self":[{"href":"https:\/\/www.erps.de\/index.php?rest_route=\/wp\/v2\/pages\/72"}],"collection":[{"href":"https:\/\/www.erps.de\/index.php?rest_route=\/wp\/v2\/pages"}],"about":[{"href":"https:\/\/www.erps.de\/index.php?rest_route=\/wp\/v2\/types\/page"}],"author":[{"embeddable":true,"href":"https:\/\/www.erps.de\/index.php?rest_route=\/wp\/v2\/users\/1"}],"replies":[{"embeddable":true,"href":"https:\/\/www.erps.de\/index.php?rest_route=%2Fwp%2Fv2%2Fcomments&post=72"}],"version-history":[{"count":7,"href":"https:\/\/www.erps.de\/index.php?rest_route=\/wp\/v2\/pages\/72\/revisions"}],"predecessor-version":[{"id":74,"href":"https:\/\/www.erps.de\/index.php?rest_route=\/wp\/v2\/pages\/72\/revisions\/74"}],"wp:featuredmedia":[{"embeddable":true,"href":"https:\/\/www.erps.de\/index.php?rest_route=\/wp\/v2\/media\/119"}],"wp:attachment":[{"href":"https:\/\/www.erps.de\/index.php?rest_route=%2Fwp%2Fv2%2Fmedia&parent=72"}],"curies":[{"name":"wp","href":"https:\/\/api.w.org\/{rel}","templated":true}]}}